y - 19. Let b be v(14). Suppose -5*f = 3*c - 2107, -3*c + b - 132 = -4*f. What is the hundreds digit of c?
6
Suppose -2*j - 3*j = -2*s + 189, 3*s = -4*j - 142. Let b = j + 37. Suppose 0 = d + 3*i - 186 - 68, b = 4*d + 4*i - 1000. What is the tens digit of d?
4
Suppose -o + 45 = 5*v, -8*o + 10*o - 18 = -v. Suppose 0*r - 224 = -r. Suppose -r = -12*p + v*p. What is the units digit of p?
6
Let s(r) = 121*r - 4. Let h be 88/(-11)*2/16*-3. What is the hundreds digit of s(h)?
3
Suppose -2*l = -j - 5, -6 = j - 5. Suppose -4*k = -5*v + 2204, v - l*k = -0*k + 442. What is the tens digit of v?
4
What is the hundreds digit of -7 + 12 - 10 - (-3184 - -3)?
1
Let w(x) = x**2 + 4*x + 65. Let n be -28 + 10/(-4)*-2. What is the tens digit of w(n)?
0
Let d = -49 - -105. Let h = 58 - d. Suppose 0 = h*w + 5*w - 875. What is the tens digit of w?
2
Let g = 54 - 84. What is the units digit of 3094/12 + (4 - 9)/g?
8
Let x = -94 + 89. What is the units digit of ((-75)/x)/((3 - 4)/(-87))?
5
What is the tens digit of (-118928)/(-4)*((-40)/180 + (-11)/(-9))?
3
Let s = -353 - -358. Let p(b) = b - 12. Let l be p(10). What is the units digit of ((-92)/s)/(l/5)?
6
Let q(v) = 16*v**2 + 15*v + 5. Let d = 611 - 608. What is the hundreds digit of q(d)?
1
Let b = 620 + -633. What is the tens digit of b/((-130)/15)*274?
1
What is the hundreds digit of ((1 - 3) + -3673)/((-3633)/(-168) - 22)?
8
Let n = -68780 - -98355. What is the tens digit of n?
7
Suppose 0 = 2*p + 7 + 19. Let r = 16 + p. Suppose 2*y = -4*b - 0*b + 104, -r*b = -3*y + 201. What is the units digit of y?
2
Let c(b) = -b**2 - 10*b - 19. Let m be c(-5). Suppose 2*o = m*o - 3472. What is the units digit of o?
8
Let n = 536 - 518. Suppose n*c - 14127 = 1983. What is the hundreds digit of c?
8
Let v = 1467 - 1098. What is the units digit of v?
9
Let r(o) = 4*o + 80. Let m be r(-20). Suppose -407*f + 396*f + 1012 = m. What is the units digit of f?
2
Let w be (-1)/2 - (-6)/(-4). What is the tens digit of 180 + (-4 - w) + 8?
8
Suppose -j = -2*g - 2, 0 = 5*g - 2*j + 7 - 2. Let z(v) = -1448*v + 57. What is the units digit of z(g)?
5
Suppose -4*f = -q - 2 - 15, 12 = 3*f - q. Suppose -3*y = 2*u - 1287, -6*u + 5*u + 626 = f*y. What is the tens digit of u?
5
Let u(w) = 2*w**2 + w - 13. Let m be u(-4). Suppose -12*o - 9 = m. What is the tens digit of (172/(-5))/(o/5)?
8
Let m(t) = t**2 + 10*t + 9. Let n be m(-9). Suppose g - 5*c + 171 = 1403, 4*g - 5*c - 4988 = n. What is the thousands digit of g?
1
Let c = 156 - 149. Suppose 549 = c*w - 725. What is the hundreds digit of w?
1
Suppose 0 = -2*h - 12, 2*v + 0*v - 2944 = -5*h. What is the units digit of v?
7
Let b be ((-4)/1)/((-4)/14). Let p = 4573 - 2653. Suppose b*g - 922 = p. What is the hundreds digit of g?
2
Let n = -22548 + 33347. What is the tens digit of n?
9
Let j(b) be the third derivative of -37*b**5/60 + 7*b**4/12 + b**3 + 32*b**2. Let z be j(-3). Let s = z + 658. What is the units digit of s?
9
Let i(k) = 3*k**2 + 3*k - 1. Suppose -3*d = 2*d - 4*t + 31, -d + 4*t = 19. Let u be i(d). Let w = 26 - u. What is the units digit of w?
9
Suppose 40*z - 30209 = 121031. Suppose z = 3*i + 2*l, i + 4*l - 850 = 397. What is the hundreds digit of i?
2
Suppose -2*u + a + 6 = 0, -a = -u + a + 9. What is the hundreds digit of u/(-9) - (23002/(-63) + -6)?
3
Let c = -8993 - -28705. What is the thousands digit of c?
9
Suppose 3*z - 1209 - 3282 = -2*h, -z + 4*h = -1497. Suppose 0 = -6*a + z + 1341. What is the units digit of a?
3
Suppose 101*r = 98*r - 159. Let n = r - -391. What is the tens digit of n?
3
Let g = 6467 - 3362. What is the units digit of g?
5
Let d(t) = t**3 - 21*t**2 - 2*t + 43. Suppose -3*h + 5*u = -83, 2*u - 13 = -h - 0*u. Let r be d(h). What is the tens digit of 37 + 0 + -3 + r?
3
Let x(w) = w**2 - 4*w - 3. Let q be x(-4). Suppose 0 = 4*f + 5 - q. Let n(k) = 29*k - 35. What is the hundreds digit of n(f)?
1
What is the thousands digit of (49/(-3) + 1)/((-86)/196983) - 3?
5
Suppose 0*u - 6*u + 30 = 0. Suppose 0 = -q - 3*q + u*m - 20, -2*q = -5*m. What is the units digit of (-2)/q + (-6336)/(-120)?
3
Let b(j) = 222*j**2 + 24*j + 7. Let c be b(-3). Suppose 506*x - 505*x = c. What is the thousands digit of x?
1
Let y be ((-10)/(-8))/((-4)/(-16)). Suppose 410 + 470 = y*j. What is the hundreds digit of j?
1
Suppose -73*r + 68*r = -q + 24013, -4*q = -5*r - 96067. What is the thousands digit of q?
4
Let n(y) = y**3 - 6*y**2 - 4*y + 36. Let i be n(6). What is the hundreds digit of 9/12 + 3231/i + 1?
2
What is the thousands digit of 7/(-2)*(-31 - (-14 - -3385))?
1
What is the thousands digit of (-345025)/(-175) - (-16)/(-28)?
1
Let z be (-10)/(-35) + 674/(-7). Suppose 217*w - 213*w - 648 = 0. Let k = w + z. What is the tens digit of k?
6
Suppose -2*u = -15 + 5, -4*u = 2*c + 16. Let f be (-12)/c - 484/(-12). Suppose -8*w = -495 - f. What is the tens digit of w?
6
Let p(s) = s + 11. Suppose 11 = -3*j - 10. Let w be p(j). Suppose 270 = 3*i + 3*g, -5*i + w*g = -504 + 18. What is the tens digit of i?
9
Let i(b) = 18*b**2 + 4*b + 13. Let x be 9 - (25/9 - (-2)/9). Let n be i(x). Suppose 7*p - 148 - n = 0. What is the units digit of p?
9
Let r be (6/(-5) - 0)/((-9)/60). Suppose 5466 = -r*v + 14*v. Suppose -150 = -m - 3*u + 37, 3*u - v = -5*m. What is the tens digit of m?
8
Let m be 0*(-4)/(-16) - (-6 - -3). What is the hundreds digit of 1930/7 + 10/105*m?
2
Let a = 94700 - 6965. What is the hundreds digit of a?
7
Suppose 3*c - a + 4613 = 7*c, -3*c - 3*a = -3453. Let k = c + -250. What is the hundreds digit of k?
9
Suppose -s + 6863 + 2477 = 0. What is the tens digit of s?
4
Let m(f) = -10*f**2 + 169*f + 26. Let z be m(17). Let v(t) = t + 1. Let o(l) = 27*l - 20. Let s(k) = o(k) - 2*v(k). What is the units digit of s(z)?
3
What is the hundreds digit of (13482/28)/(1 - 228/232)?
9
Let c(w) be the third derivative of w**5/30 + 5*w**4/4 + 6*w**3 - 11*w**2 - 3. What is the tens digit of c(-17)?
0
Let v(i) = -2*i**3 + 58*i**2 - i + 1. Let b be v(24). Suppose -3*p - 1297 = -b. What is the hundreds digit of p?
4
Let v = 229 - 162. Let o = 88 + v. What is the hundreds digit of o?
1
Let i(f) be the second derivative of 5*f**3/3 - 48*f**2 - 78*f. What is the units digit of i(19)?
4
Suppose 3*o - 2*r - 22916 = 3193, 5*o + 3*r = 43553. What is the thousands digit of o?
8
What is the tens digit of 5949*(-24 + 27)*(-2)/(-2)*1?
4
Let m(y) = y**2 - 2*y. Let z be m(3). Suppose 3*n + 3*c - 269 = 334, 0 = -z*n + c + 607. What is the hundreds digit of n?
2
Suppose 6*k + 6930 = 9*k. Suppose -24*s + k = -29*s. What is the tens digit of (-3)/(-4) + s/(-24)?
2
Let a = 557 - 372. Let s = 250 + a. What is the hundreds digit of s?
4
Let w(z) = -4*z - 77. Let p be w(-20). Suppose 8*c = 5*f + p*c - 4795, 3*f - 2887 = c. What is the units digit of f?
4
Let h(d) = 675*d - 2199. What is the ten thousands digit of h(48)?
3
Let o(c) = -75*c + 198. Let x be o(-7). Suppose x = v - 34. What is the units digit of v?
7
Let c = -467 - -2447. Suppose 5*n - 3*b + c = 7105, -3075 = -3*n + 3*b. What is the thousands digit of n?
1
Suppose -92*c = -13*c - 1072188. What is the thousands digit of c?
3
Let g = -374 + 4223. What is the thousands digit of g?
3
What is the thousands digit of ((-5)/4)/(4/((-618048)/18))?
0
Let u(x) = -x**3 + 2*x**2 + 8*x + 4. Suppose -14*b + 8 = -12*b. Let w be u(b). Suppose 2*s = -2*h + 300, -s - s = -w. What is the hundreds digit of h?
1
Suppose 0 = 4*u - 4*b - 62169 - 70403, 2*u = -4*b + 66256. What is the thousands digit of u?
3
Let j = -94 - -253. Suppose -8*x + 3039 - j = 0. Let b = x - 192. What is the hundreds digit of b?
1
Let n be -3 + (12/(-2)*1)/(-1). Suppose 12 + n = 5*o. What is the units digit of (-2)/o - 22/(-6)?
3
Let p(c) = -9*c + 489. Let k be p(0). Suppose 3*y - 3*z = k, -z + 632 = 5*y - y. Let m = -28 + y. What is the tens digit of m?
3
Let p(r) = 26*r**3 - 5*r - 82. What is the thousands digit of p(6)?
5
What is the ten thousands digit of (14/49)/(85/4863530)?
1
Suppose 0 = 9*z - 15*z + 1560. Suppose 0 = h - 5*k - 6 + 58, z = -5*h - k. Let p = -51 - h. What is the units digit of p?
1
Suppose -l + 25*z - 29*z = -24070, -16*l = -4*z - 385120. What is the ten thousands digit of l?
2
Let l = 22726 + 59866. What is the hundreds digit of l?
5
Suppose 0 = -36*l + 653 + 643. What is the units